[INFO] cloning repository https://github.com/kardeiz/name_app
[INFO] running `Command { std: "git" "-c" "credential.helper=" "-c" "credential.helper=/workspace/cargo-home/bin/git-credential-null" "clone" "--bare" "https://github.com/kardeiz/name_app" "/workspace/cache/git-repos/https%3A%2F%2Fgithub.com%2Fkardeiz%2Fname_app", kill_on_drop: false }`
[INFO] [stderr] Cloning into bare repository '/workspace/cache/git-repos/https%3A%2F%2Fgithub.com%2Fkardeiz%2Fname_app'...
[INFO] running `Command { std: "git" "rev-parse" "HEAD", kill_on_drop: false }`
[INFO] [stdout] e5cac748f8ffb826aff0e8f309de94373d0d4d4b
[INFO] checking kardeiz/name_app against master#af3c6e733a40e671550e0f0f5aeecaa13772ba56 for pr-74989
[INFO] running `Command { std: "git" "clone" "/workspace/cache/git-repos/https%3A%2F%2Fgithub.com%2Fkardeiz%2Fname_app" "/workspace/builds/worker-11/source", kill_on_drop: false }`
[INFO] [stderr] Cloning into '/workspace/builds/worker-11/source'...
[INFO] [stderr] done.
[INFO] validating manifest of git repo https://github.com/kardeiz/name_app on toolchain af3c6e733a40e671550e0f0f5aeecaa13772ba56
[INFO] running `Command { std: "/workspace/cargo-home/bin/cargo" "+af3c6e733a40e671550e0f0f5aeecaa13772ba56" "read-manifest" "--manifest-path" "Cargo.toml", kill_on_drop: false }`
[INFO] started tweaking git repo https://github.com/kardeiz/name_app
[INFO] finished tweaking git repo https://github.com/kardeiz/name_app
[INFO] tweaked toml for git repo https://github.com/kardeiz/name_app written to /workspace/builds/worker-11/source/Cargo.toml
[INFO] crate git repo https://github.com/kardeiz/name_app already has a lockfile, it will not be regenerated
[INFO] running `Command { std: "/workspace/cargo-home/bin/cargo" "+af3c6e733a40e671550e0f0f5aeecaa13772ba56" "fetch" "--locked" "--manifest-path" "Cargo.toml", kill_on_drop: false }`
[INFO] [stderr] error: the lock file /workspace/builds/worker-11/source/Cargo.lock needs to be updated but --locked was passed to prevent this
[INFO] [stderr] If you want to try to generate the lock file without accessing the network, use the --offline flag.
[INFO] the lockfile is outdated, regenerating it
[INFO] running `Command { std: "/workspace/cargo-home/bin/cargo" "+af3c6e733a40e671550e0f0f5aeecaa13772ba56" "generate-lockfile" "--manifest-path" "Cargo.toml" "-Zno-index-update", kill_on_drop: false }`
[INFO] running `Command { std: "/workspace/cargo-home/bin/cargo" "+af3c6e733a40e671550e0f0f5aeecaa13772ba56" "fetch" "--locked" "--manifest-path" "Cargo.toml", kill_on_drop: false }`
[INFO] running `Command { std: "docker" "create" "-v" "/var/lib/crater-agent-workspace/builds/worker-11/target:/opt/rustwide/target:rw,Z" "-v" "/var/lib/crater-agent-workspace/builds/worker-11/source:/opt/rustwide/workdir:ro,Z" "-v" "/var/lib/crater-agent-workspace/cargo-home:/opt/rustwide/cargo-home:ro,Z" "-v" "/var/lib/crater-agent-workspace/rustup-home:/opt/rustwide/rustup-home:ro,Z" "-e" "SOURCE_DIR=/opt/rustwide/workdir" "-e" "CARGO_TARGET_DIR=/opt/rustwide/target" "-e" "CARGO_HOME=/opt/rustwide/cargo-home" "-e" "RUSTUP_HOME=/opt/rustwide/rustup-home" "-w" "/opt/rustwide/workdir" "-m" "1610612736" "--user" "0:0" "--network" "none" "rustops/crates-build-env@sha256:d92eaeed33fa75130ca1ee6c8a01d1ffb62bac859dfdfb3450e3e5d1c0146529" "/opt/rustwide/cargo-home/bin/cargo" "+af3c6e733a40e671550e0f0f5aeecaa13772ba56" "metadata" "--no-deps" "--format-version=1", kill_on_drop: false }`
[INFO] [stdout] a7620c873bc7dfdb33b4031f28029c66bc9168085738151f701b41ec263bee66
[INFO] [stderr] WARNING: Your kernel does not support swap limit capabilities or the cgroup is not mounted. Memory limited without swap.
[INFO] running `Command { std: "docker" "start" "-a" "a7620c873bc7dfdb33b4031f28029c66bc9168085738151f701b41ec263bee66", kill_on_drop: false }`
[INFO] running `Command { std: "docker" "inspect" "a7620c873bc7dfdb33b4031f28029c66bc9168085738151f701b41ec263bee66", kill_on_drop: false }`
[INFO] running `Command { std: "docker" "rm" "-f" "a7620c873bc7dfdb33b4031f28029c66bc9168085738151f701b41ec263bee66", kill_on_drop: false }`
[INFO] [stdout] a7620c873bc7dfdb33b4031f28029c66bc9168085738151f701b41ec263bee66
[INFO] running `Command { std: "docker" "create" "-v" "/var/lib/crater-agent-workspace/builds/worker-11/target:/opt/rustwide/target:rw,Z" "-v" "/var/lib/crater-agent-workspace/builds/worker-11/source:/opt/rustwide/workdir:ro,Z" "-v" "/var/lib/crater-agent-workspace/cargo-home:/opt/rustwide/cargo-home:ro,Z" "-v" "/var/lib/crater-agent-workspace/rustup-home:/opt/rustwide/rustup-home:ro,Z" "-e" "SOURCE_DIR=/opt/rustwide/workdir" "-e" "CARGO_TARGET_DIR=/opt/rustwide/target" "-e" "CARGO_INCREMENTAL=0" "-e" "RUST_BACKTRACE=full" "-e" "RUSTFLAGS=--cap-lints=forbid" "-e" "CARGO_HOME=/opt/rustwide/cargo-home" "-e" "RUSTUP_HOME=/opt/rustwide/rustup-home" "-w" "/opt/rustwide/workdir" "-m" "1610612736" "--user" "0:0" "--network" "none" "rustops/crates-build-env@sha256:d92eaeed33fa75130ca1ee6c8a01d1ffb62bac859dfdfb3450e3e5d1c0146529" "/opt/rustwide/cargo-home/bin/cargo" "+af3c6e733a40e671550e0f0f5aeecaa13772ba56" "check" "--frozen" "--all" "--all-targets" "--message-format=json", kill_on_drop: false }`
[INFO] [stdout] 49bdb9e03afbeb647da430aa2f5f59668a276bdc29c90327faaf012432ab4113
[INFO] [stderr] WARNING: Your kernel does not support swap limit capabilities or the cgroup is not mounted. Memory limited without swap.
[INFO] running `Command { std: "docker" "start" "-a" "49bdb9e03afbeb647da430aa2f5f59668a276bdc29c90327faaf012432ab4113", kill_on_drop: false }`
[INFO] [stderr]     Blocking waiting for file lock on package cache
[INFO] [stderr]    Compiling libc v0.2.77
[INFO] [stderr]    Compiling version_check v0.1.5
[INFO] [stderr]    Compiling rand_core v0.4.2
[INFO] [stderr]    Compiling siphasher v0.2.3
[INFO] [stderr]    Compiling byteorder v1.3.4
[INFO] [stderr]     Checking tinyvec v0.3.4
[INFO] [stderr]     Checking matches v0.1.8
[INFO] [stderr]     Checking traitobject v0.1.0
[INFO] [stderr]    Compiling httparse v1.3.4
[INFO] [stderr]     Checking percent-encoding v1.0.1
[INFO] [stderr]     Checking safemem v0.3.3
[INFO] [stderr]     Checking modifier v0.1.0
[INFO] [stderr]     Checking smallvec v1.4.2
[INFO] [stderr]    Compiling ryu v1.0.5
[INFO] [stderr]     Checking instant v0.1.6
[INFO] [stderr]     Checking scopeguard v1.1.0
[INFO] [stderr]     Checking itoa v0.4.6
[INFO] [stderr]    Compiling bitflags v1.2.1
[INFO] [stderr]     Checking lazy_static v1.4.0
[INFO] [stderr]    Compiling serde_json v1.0.57
[INFO] [stderr]     Checking sequence_trie v0.3.6
[INFO] [stderr]     Checking strsim v0.5.2
[INFO] [stderr]     Checking route-recognizer v0.1.13
[INFO] [stderr]     Checking lazy_static v0.2.11
[INFO] [stderr]     Checking glob v0.3.0
[INFO] [stderr]    Compiling rand v0.6.5
[INFO] [stderr]    Compiling libsqlite3-sys v0.20.0
[INFO] [stderr]     Checking unicode-bidi v0.3.4
[INFO] [stderr]     Checking unsafe-any v0.4.2
[INFO] [stderr]     Checking lock_api v0.4.1
[INFO] [stderr]     Checking lru-cache v0.1.2
[INFO] [stderr]     Checking thread_local v1.0.1
[INFO] [stderr]     Checking log v0.4.11
[INFO] [stderr]    Compiling rand_core v0.3.1
[INFO] [stderr]    Compiling rand_jitter v0.1.4
[INFO] [stderr]     Checking typemap v0.3.3
[INFO] [stderr]    Compiling rand_pcg v0.1.2
[INFO] [stderr]     Checking unicode-normalization v0.1.13
[INFO] [stderr]     Checking csv-core v0.1.10
[INFO] [stderr]    Compiling rand_xorshift v0.1.1
[INFO] [stderr]    Compiling rand_isaac v0.1.1
[INFO] [stderr]    Compiling rand_hc v0.1.0
[INFO] [stderr]    Compiling rand_chacha v0.1.1
[INFO] [stderr]     Checking regex v1.3.9
[INFO] [stderr]     Checking plugin v0.2.6
[INFO] [stderr]    Compiling unicase v1.4.2
[INFO] [stderr]     Checking log v0.3.9
[INFO] [stderr]     Checking mime v0.2.6
[INFO] [stderr]     Checking rusqlite v0.24.0
[INFO] [stderr]    Compiling phf_shared v0.7.24
[INFO] [stderr]    Compiling phf v0.7.24
[INFO] [stderr]     Checking base64 v0.9.3
[INFO] [stderr]     Checking regex-automata v0.1.9
[INFO] [stderr]     Checking bstr v0.2.13
[INFO] [stderr]     Checking time v0.1.44
[INFO] [stderr]     Checking num_cpus v1.13.0
[INFO] [stderr]     Checking parking_lot_core v0.8.0
[INFO] [stderr]     Checking thread-id v2.0.0
[INFO] [stderr]     Checking memchr v0.1.11
[INFO] [stderr]     Checking thread_local v0.2.7
[INFO] [stderr]     Checking aho-corasick v0.5.3
[INFO] [stderr]     Checking idna v0.1.5
[INFO] [stderr]    Compiling rand_os v0.1.3
[INFO] [stderr]     Checking regex v0.1.80
[INFO] [stderr]     Checking parking_lot v0.11.0
[INFO] [stderr]     Checking scheduled-thread-pool v0.2.5
[INFO] [stderr]     Checking csv v1.1.3
[INFO] [stderr]     Checking r2d2 v0.8.9
[INFO] [stderr]     Checking url v1.7.2
[INFO] [stderr]     Checking r2d2_sqlite v0.17.0
[INFO] [stderr]    Compiling phf_generator v0.7.24
[INFO] [stderr]    Compiling phf_codegen v0.7.24
[INFO] [stderr]     Checking hyper v0.10.16
[INFO] [stderr]    Compiling mime_guess v1.8.8
[INFO] [stderr]     Checking docopt v0.6.86
[INFO] [stderr]     Checking iron v0.6.1
[INFO] [stderr]     Checking persistent v0.4.0
[INFO] [stderr]     Checking mount v0.4.0
[INFO] [stderr]     Checking router v0.6.0
[INFO] [stderr]     Checking bodyparser v0.8.0
[INFO] [stderr]     Checking staticfile v0.5.0
[INFO] [stderr]     Checking urlencoded v0.6.0
[INFO] [stderr]     Checking name_app v0.1.0 (/opt/rustwide/workdir)
[INFO] [stdout] error[E0432]: unresolved import `rusqlite::SqliteConnection`
[INFO] [stdout]   --> src/main.rs:42:7
[INFO] [stdout]    |
[INFO] [stdout] 42 |   use rusqlite::SqliteConnection;
[INFO] [stdout]    |       ^^^^^^^^^^^^^^^^^^^^^^^^^^ no `SqliteConnection` in the root
[INFO] [stdout] 
[INFO] [stdout] 
[INFO] [stdout] error[E0603]: struct `Config` is private
[INFO] [stdout]   --> src/main.rs:58:24
[INFO] [stdout]    |
[INFO] [stdout] 58 |     let config = r2d2::Config::default();
[INFO] [stdout]    |                        ^^^^^^ private struct
[INFO] [stdout]    |
[INFO] [stdout] note: the struct `Config` is defined here
[INFO] [stdout]   --> /opt/rustwide/cargo-home/registry/src/github.com-1ecc6299db9ec823/r2d2-0.8.9/src/lib.rs:55:5
[INFO] [stdout]    |
[INFO] [stdout] 55 | use crate::config::Config;
[INFO] [stdout]    |     ^^^^^^^^^^^^^^^^^^^^^
[INFO] [stdout] 
[INFO] [stdout] 
[INFO] [stdout] warning: unused import: `std::env`
[INFO] [stdout]   --> src/main.rs:19:5
[INFO] [stdout]    |
[INFO] [stdout] 19 | use std::env;
[INFO] [stdout]    |     ^^^^^^^^
[INFO] [stdout]    |
[INFO] [stdout]    = note: `#[warn(unused_imports)]` on by default
[INFO] [stdout] 
[INFO] [stdout] 
[INFO] [stdout] warning: unused import: `glob::glob`
[INFO] [stdout]   --> src/main.rs:20:5
[INFO] [stdout]    |
[INFO] [stdout] 20 | use glob::glob;
[INFO] [stdout]    |     ^^^^^^^^^^
[INFO] [stdout] 
[INFO] [stdout] 
[INFO] [stdout] warning: unused imports: `PathBuf`, `Path`
[INFO] [stdout]   --> src/main.rs:21:17
[INFO] [stdout]    |
[INFO] [stdout] 21 | use std::path::{Path, PathBuf};
[INFO] [stdout]    |                 ^^^^  ^^^^^^^
[INFO] [stdout] 
[INFO] [stdout] 
[INFO] [stdout] warning: unused import: `regex::Regex`
[INFO] [stdout]   --> src/main.rs:22:5
[INFO] [stdout]    |
[INFO] [stdout] 22 | use regex::Regex;
[INFO] [stdout]    |     ^^^^^^^^^^^^
[INFO] [stdout] 
[INFO] [stdout] 
[INFO] [stdout] warning: unused import: `Path`
[INFO] [stdout]   --> src/main.rs:38:19
[INFO] [stdout]    |
[INFO] [stdout] 38 |   use std::path::{Path, PathBuf};
[INFO] [stdout]    |                   ^^^^
[INFO] [stdout] 
[INFO] [stdout] 
[INFO] [stdout] warning: unused import: `FromSql`
[INFO] [stdout]   --> src/main.rs:43:32
[INFO] [stdout]    |
[INFO] [stdout] 43 |   use rusqlite::types::{ToSql, FromSql};
[INFO] [stdout]    |                                ^^^^^^^
[INFO] [stdout] 
[INFO] [stdout] 
[INFO] [stdout] warning: trait objects without an explicit `dyn` are deprecated
[INFO] [stdout]    --> src/main.rs:140:66
[INFO] [stdout]     |
[INFO] [stdout] 140 |     let pargs = args.iter().map(|s| s as &ToSql ).collect::<Vec<&ToSql>>();
[INFO] [stdout]     |                                                                  ^^^^^ help: use `dyn`: `dyn ToSql`
[INFO] [stdout]     |
[INFO] [stdout]     = note: `#[warn(bare_trait_objects)]` on by default
[INFO] [stdout] 
[INFO] [stdout] 
[INFO] [stdout] warning: trait objects without an explicit `dyn` are deprecated
[INFO] [stdout]    --> src/main.rs:140:43
[INFO] [stdout]     |
[INFO] [stdout] 140 |     let pargs = args.iter().map(|s| s as &ToSql ).collect::<Vec<&ToSql>>();
[INFO] [stdout]     |                                           ^^^^^ help: use `dyn`: `dyn ToSql`
[INFO] [stdout] 
[INFO] [stdout] 
[INFO] [stdout] warning: unused import: `PathBuf`
[INFO] [stdout]    --> src/main.rs:160:25
[INFO] [stdout]     |
[INFO] [stdout] 160 |   use std::path::{Path, PathBuf};
[INFO] [stdout]     |                         ^^^^^^^
[INFO] [stdout] 
[INFO] [stdout] 
[INFO] [stdout] warning: unused import: `iron::typemap::Key`
[INFO] [stdout]    --> src/main.rs:165:7
[INFO] [stdout]     |
[INFO] [stdout] 165 |   use iron::typemap::Key;
[INFO] [stdout]     |       ^^^^^^^^^^^^^^^^^^
[INFO] [stdout] 
[INFO] [stdout] 
[INFO] [stdout] warning: unused import: `Write`
[INFO] [stdout]    --> src/main.rs:174:20
[INFO] [stdout]     |
[INFO] [stdout] 174 |   use persistent::{Write,Read};
[INFO] [stdout]     |                    ^^^^^
[INFO] [stdout] 
[INFO] [stdout] 
[INFO] [stdout] error[E0432]: unresolved import `rusqlite::SqliteConnection`
[INFO] [stdout]   --> src/main.rs:42:7
[INFO] [stdout]    |
[INFO] [stdout] 42 |   use rusqlite::SqliteConnection;
[INFO] [stdout]    |       ^^^^^^^^^^^^^^^^^^^^^^^^^^ no `SqliteConnection` in the root
[INFO] [stdout] 
[INFO] [stdout] 
[INFO] [stdout] error[E0603]: struct `Config` is private
[INFO] [stdout]   --> src/main.rs:58:24
[INFO] [stdout]    |
[INFO] [stdout] 58 |     let config = r2d2::Config::default();
[INFO] [stdout]    |                        ^^^^^^ private struct
[INFO] [stdout]    |
[INFO] [stdout] note: the struct `Config` is defined here
[INFO] [stdout]   --> /opt/rustwide/cargo-home/registry/src/github.com-1ecc6299db9ec823/r2d2-0.8.9/src/lib.rs:55:5
[INFO] [stdout]    |
[INFO] [stdout] 55 | use crate::config::Config;
[INFO] [stdout]    |     ^^^^^^^^^^^^^^^^^^^^^
[INFO] [stdout] 
[INFO] [stdout] 
[INFO] [stdout] warning: unused import: `std::env`
[INFO] [stdout]   --> src/main.rs:19:5
[INFO] [stdout]    |
[INFO] [stdout] 19 | use std::env;
[INFO] [stdout]    |     ^^^^^^^^
[INFO] [stdout]    |
[INFO] [stdout]    = note: `#[warn(unused_imports)]` on by default
[INFO] [stdout] 
[INFO] [stdout] 
[INFO] [stdout] warning: unused import: `glob::glob`
[INFO] [stdout]   --> src/main.rs:20:5
[INFO] [stdout]    |
[INFO] [stdout] 20 | use glob::glob;
[INFO] [stdout]    |     ^^^^^^^^^^
[INFO] [stdout] 
[INFO] [stdout] 
[INFO] [stdout] warning: unused imports: `PathBuf`, `Path`
[INFO] [stdout]   --> src/main.rs:21:17
[INFO] [stdout]    |
[INFO] [stdout] 21 | use std::path::{Path, PathBuf};
[INFO] [stdout]    |                 ^^^^  ^^^^^^^
[INFO] [stdout] 
[INFO] [stdout] 
[INFO] [stdout] warning: unused import: `regex::Regex`
[INFO] [stdout]   --> src/main.rs:22:5
[INFO] [stdout]    |
[INFO] [stdout] 22 | use regex::Regex;
[INFO] [stdout]    |     ^^^^^^^^^^^^
[INFO] [stdout] 
[INFO] [stdout] 
[INFO] [stdout] warning: unused import: `Path`
[INFO] [stdout]   --> src/main.rs:38:19
[INFO] [stdout]    |
[INFO] [stdout] 38 |   use std::path::{Path, PathBuf};
[INFO] [stdout]    |                   ^^^^
[INFO] [stdout] 
[INFO] [stdout] 
[INFO] [stdout] warning: unused import: `FromSql`
[INFO] [stdout]   --> src/main.rs:43:32
[INFO] [stdout]    |
[INFO] [stdout] 43 |   use rusqlite::types::{ToSql, FromSql};
[INFO] [stdout]    |                                ^^^^^^^
[INFO] [stdout] 
[INFO] [stdout] 
[INFO] [stdout] warning: trait objects without an explicit `dyn` are deprecated
[INFO] [stdout]    --> src/main.rs:140:66
[INFO] [stdout]     |
[INFO] [stdout] 140 |     let pargs = args.iter().map(|s| s as &ToSql ).collect::<Vec<&ToSql>>();
[INFO] [stdout]     |                                                                  ^^^^^ help: use `dyn`: `dyn ToSql`
[INFO] [stdout]     |
[INFO] [stdout]     = note: `#[warn(bare_trait_objects)]` on by default
[INFO] [stdout] 
[INFO] [stdout] 
[INFO] [stdout] warning: trait objects without an explicit `dyn` are deprecated
[INFO] [stdout]    --> src/main.rs:140:43
[INFO] [stdout]     |
[INFO] [stdout] 140 |     let pargs = args.iter().map(|s| s as &ToSql ).collect::<Vec<&ToSql>>();
[INFO] [stdout]     |                                           ^^^^^ help: use `dyn`: `dyn ToSql`
[INFO] [stdout] 
[INFO] [stdout] 
[INFO] [stdout] warning: unused import: `PathBuf`
[INFO] [stdout]    --> src/main.rs:160:25
[INFO] [stdout]     |
[INFO] [stdout] 160 |   use std::path::{Path, PathBuf};
[INFO] [stdout]     |                         ^^^^^^^
[INFO] [stdout] 
[INFO] [stdout] 
[INFO] [stdout] warning: unused import: `iron::typemap::Key`
[INFO] [stdout]    --> src/main.rs:165:7
[INFO] [stdout]     |
[INFO] [stdout] 165 |   use iron::typemap::Key;
[INFO] [stdout]     |       ^^^^^^^^^^^^^^^^^^
[INFO] [stdout] 
[INFO] [stdout] 
[INFO] [stdout] warning: unused import: `Write`
[INFO] [stdout]    --> src/main.rs:174:20
[INFO] [stdout]     |
[INFO] [stdout] 174 |   use persistent::{Write,Read};
[INFO] [stdout]     |                    ^^^^^
[INFO] [stdout] 
[INFO] [stdout] 
[INFO] [stdout] error[E0599]: no function or associated item named `new` found for struct `SqliteConnectionManager` in the current scope
[INFO] [stdout]   --> src/main.rs:57:44
[INFO] [stdout]    |
[INFO] [stdout] 57 |     let manager = SqliteConnectionManager::new("test.db").unwrap();
[INFO] [stdout]    |                                            ^^^ function or associated item not found in `SqliteConnectionManager`
[INFO] [stdout] 
[INFO] [stdout] 
[INFO] [stdout] error[E0599]: no function or associated item named `default` found for struct `r2d2::config::Config<_, _>` in the current scope
[INFO] [stdout]   --> src/main.rs:58:32
[INFO] [stdout]    |
[INFO] [stdout] 58 |     let config = r2d2::Config::default();
[INFO] [stdout]    |                                ^^^^^^^ function or associated item not found in `r2d2::config::Config<_, _>`
[INFO] [stdout] 
[INFO] [stdout] 
[INFO] [stdout] error[E0061]: this function takes 1 argument but 2 arguments were supplied
[INFO] [stdout]   --> src/main.rs:59:5
[INFO] [stdout]    |
[INFO] [stdout] 59 |     r2d2::Pool::new(config, manager).unwrap()
[INFO] [stdout]    |     ^^^^^^^^^^^^^^^ ------  ------- supplied 2 arguments
[INFO] [stdout]    |     |
[INFO] [stdout]    |     expected 1 argument
[INFO] [stdout] 
[INFO] [stdout] 
[INFO] [stdout] error[E0282]: type annotations needed
[INFO] [stdout]   --> src/main.rs:77:12
[INFO] [stdout]    |
[INFO] [stdout] 77 |       conn.execute(stmt, &[]).unwrap();
[INFO] [stdout]    |            ^^^^^^^ cannot infer type for type parameter `T`
[INFO] [stdout] 
[INFO] [stdout] 
[INFO] [stdout] error[E0599]: no method named `at` found for struct `regex::Captures<'_>` in the current scope
[INFO] [stdout]   --> src/main.rs:94:56
[INFO] [stdout]    |
[INFO] [stdout] 94 |       let year = rey.captures(pn).and_then(|caps| caps.at(0) ).unwrap();
[INFO] [stdout]    |                                                        ^^ method not found in `regex::Captures<'_>`
[INFO] [stdout] 
[INFO] [stdout] 
[INFO] [stdout] error[E0599]: no function or associated item named `from_file` found for struct `Reader<_>` in the current scope
[INFO] [stdout]   --> src/main.rs:96:34
[INFO] [stdout]    |
[INFO] [stdout] 96 |       let mut rdr = csv::Reader::from_file(txt.as_path()).unwrap();      
[INFO] [stdout]    |                                  ^^^^^^^^^ function or associated item not found in `Reader<_>`
[INFO] [stdout] 
[INFO] [stdout] 
[INFO] [stdout] error[E0277]: `Rows<'_>` is not an iterator
[INFO] [stdout]    --> src/main.rs:143:17
[INFO] [stdout]     |
[INFO] [stdout] 143 |     for _row in rows {
[INFO] [stdout]     |                 ^^^^ `Rows<'_>` is not an iterator
[INFO] [stdout]     |
[INFO] [stdout]     = help: the trait `Iterator` is not implemented for `Rows<'_>`
[INFO] [stdout]     = note: required by `into_iter`
[INFO] [stdout] 
[INFO] [stdout] 
[INFO] [stdout] error[E0061]: this function takes 3 arguments but 2 arguments were supplied
[INFO] [stdout]    --> src/main.rs:196:12
[INFO] [stdout]     |
[INFO] [stdout] 196 |     router.get("/data", data);
[INFO] [stdout]     |            ^^^ -------  ---- supplied 2 arguments
[INFO] [stdout]     |            |
[INFO] [stdout]     |            expected 3 arguments
[INFO] [stdout] 
[INFO] [stdout] 
[INFO] [stdout] error: aborting due to 10 previous errors; 11 warnings emitted
[INFO] [stdout] 
[INFO] [stdout] 
[INFO] [stdout] Some errors have detailed explanations: E0061, E0277, E0282, E0432, E0599, E0603.
[INFO] [stdout] 
[INFO] [stdout] For more information about an error, try `rustc --explain E0061`.
[INFO] [stdout] 
[INFO] [stdout] error[E0599]: no function or associated item named `new` found for struct `SqliteConnectionManager` in the current scope
[INFO] [stdout]   --> src/main.rs:57:44
[INFO] [stdout]    |
[INFO] [stdout] 57 |     let manager = SqliteConnectionManager::new("test.db").unwrap();
[INFO] [stdout]    |                                            ^^^ function or associated item not found in `SqliteConnectionManager`
[INFO] [stdout] 
[INFO] [stdout] 
[INFO] [stdout] error[E0599]: no function or associated item named `default` found for struct `r2d2::config::Config<_, _>` in the current scope
[INFO] [stdout]   --> src/main.rs:58:32
[INFO] [stdout]    |
[INFO] [stdout] 58 |     let config = r2d2::Config::default();
[INFO] [stdout]    |                                ^^^^^^^ function or associated item not found in `r2d2::config::Config<_, _>`
[INFO] [stdout] 
[INFO] [stdout] 
[INFO] [stdout] error[E0061]: this function takes 1 argument but 2 arguments were supplied
[INFO] [stdout]   --> src/main.rs:59:5
[INFO] [stdout]    |
[INFO] [stdout] 59 |     r2d2::Pool::new(config, manager).unwrap()
[INFO] [stdout]    |     ^^^^^^^^^^^^^^^ ------  ------- supplied 2 arguments
[INFO] [stdout]    |     |
[INFO] [stdout]    |     expected 1 argument
[INFO] [stdout] 
[INFO] [stdout] 
[INFO] [stderr] error: could not compile `name_app`.
[INFO] [stdout] error[E0282]: type annotations needed
[INFO] [stdout]   --> src/main.rs:77:12
[INFO] [stdout]    |
[INFO] [stdout] 77 |       conn.execute(stmt, &[]).unwrap();
[INFO] [stdout]    |            ^^^^^^^ cannot infer type for type parameter `T`
[INFO] [stdout] 
[INFO] [stdout] 
[INFO] [stderr] 
[INFO] [stderr] To learn more, run the command again with --verbose.
[INFO] [stderr] warning: build failed, waiting for other jobs to finish...
[INFO] [stdout] error[E0599]: no method named `at` found for struct `regex::Captures<'_>` in the current scope
[INFO] [stdout]   --> src/main.rs:94:56
[INFO] [stdout]    |
[INFO] [stdout] 94 |       let year = rey.captures(pn).and_then(|caps| caps.at(0) ).unwrap();
[INFO] [stdout]    |                                                        ^^ method not found in `regex::Captures<'_>`
[INFO] [stdout] 
[INFO] [stdout] 
[INFO] [stdout] error[E0599]: no function or associated item named `from_file` found for struct `Reader<_>` in the current scope
[INFO] [stdout]   --> src/main.rs:96:34
[INFO] [stdout]    |
[INFO] [stdout] 96 |       let mut rdr = csv::Reader::from_file(txt.as_path()).unwrap();      
[INFO] [stdout]    |                                  ^^^^^^^^^ function or associated item not found in `Reader<_>`
[INFO] [stdout] 
[INFO] [stdout] 
[INFO] [stdout] error[E0277]: `Rows<'_>` is not an iterator
[INFO] [stdout]    --> src/main.rs:143:17
[INFO] [stdout]     |
[INFO] [stdout] 143 |     for _row in rows {
[INFO] [stdout]     |                 ^^^^ `Rows<'_>` is not an iterator
[INFO] [stdout]     |
[INFO] [stdout]     = help: the trait `Iterator` is not implemented for `Rows<'_>`
[INFO] [stdout]     = note: required by `into_iter`
[INFO] [stdout] 
[INFO] [stdout] 
[INFO] [stdout] error[E0061]: this function takes 3 arguments but 2 arguments were supplied
[INFO] [stdout]    --> src/main.rs:196:12
[INFO] [stdout]     |
[INFO] [stdout] 196 |     router.get("/data", data);
[INFO] [stdout]     |            ^^^ -------  ---- supplied 2 arguments
[INFO] [stdout]     |            |
[INFO] [stdout]     |            expected 3 arguments
[INFO] [stdout] 
[INFO] [stdout] 
[INFO] [stdout] error: aborting due to 10 previous errors; 11 warnings emitted
[INFO] [stdout] 
[INFO] [stdout] 
[INFO] [stdout] Some errors have detailed explanations: E0061, E0277, E0282, E0432, E0599, E0603.
[INFO] [stdout] 
[INFO] [stdout] For more information about an error, try `rustc --explain E0061`.
[INFO] [stdout] 
[INFO] [stderr] error: build failed
[INFO] running `Command { std: "docker" "inspect" "49bdb9e03afbeb647da430aa2f5f59668a276bdc29c90327faaf012432ab4113", kill_on_drop: false }`
[INFO] running `Command { std: "docker" "rm" "-f" "49bdb9e03afbeb647da430aa2f5f59668a276bdc29c90327faaf012432ab4113", kill_on_drop: false }`
[INFO] [stdout] 49bdb9e03afbeb647da430aa2f5f59668a276bdc29c90327faaf012432ab4113
